{"id":1071,"date":"2017-04-25T09:25:30","date_gmt":"2017-04-25T07:25:30","guid":{"rendered":"http:\/\/quanticalabs.com\/wp_themes4\/?page_id=14"},"modified":"2024-02-15T16:30:20","modified_gmt":"2024-02-15T15:30:20","slug":"hem","status":"publish","type":"page","link":"https:\/\/akzirsson.se\/","title":{"rendered":"Hem"},"content":{"rendered":"<p>[vc_row][vc_column width=&#8221;1\/2&#8243; as_margin_bottom=&#8221;theme-margin-bottom-5&#8243; margin_bottom=&#8221;theme-margin-bottom-5&#8243;][vc_video link=&#8221;https:\/\/youtu.be\/tFrxZLOIdcc&#8221;][\/vc_column][vc_column width=&#8221;1\/2&#8243;][vc_video link=&#8221;https:\/\/youtu.be\/ZeXbE-BurMg&#8221;][\/vc_column][\/vc_row][vc_row][vc_column as_margin_bottom=&#8221;theme-margin-bottom-5&#8243; margin_bottom=&#8221;theme-margin-bottom-5&#8243;]\n            <div class=\"theme-component-header-subheader aligncenter\">\n                <h2 class=\"theme-component-header-subheader-header theme-header-underline\">Vem \u00e4r Akzirsson<\/h2>\n                <div class=\"theme-component-header-subheader-subheader\">Biltv\u00e4tt &amp; Service<\/div>\n            <\/div>\n        [\/vc_column][\/vc_row][vc_row as_padding_top=&#8221;theme-padding-top-5&#8243; as_padding_bottom=&#8221;theme-padding-bottom-4&#8243; padding_top=&#8221;theme-padding-top-5&#8243;][vc_column width=&#8221;1\/3&#8243;][vc_single_image image=&#8221;230&#8243; img_size=&#8221;full&#8221;][\/vc_column][vc_column width=&#8221;2\/3&#8243;][vc_column_text]Akzirsson handtv\u00e4tt och detaljservice med s\u00e4te i Stockholm &#8211; S\u00f6dert\u00e4lje. V\u00e5rt f\u00f6retag grundades redan 2020 av ett team av experter med mer \u00e4n 10 \u00e5rs erfarenhet av professionell biltv\u00e4tt. Vi driver tre biltv\u00e4ttar genom S\u00f6dert\u00e4ljeomr\u00e5det. V\u00e5rt m\u00e5l \u00e4r att ge v\u00e5ra kunder den v\u00e4nligaste och mest bekv\u00e4ma handtv\u00e4ttupplevelsen som m\u00f6jligt. Vi anv\u00e4nder de mest moderna och uppdaterade vatten\u00e5tervinningsmodulerna som en del av v\u00e5ra biltv\u00e4ttsystem. Alla v\u00e5ra produkter \u00e4r biologiskt nedbrytbara och milj\u00f6v\u00e4nliga.[\/vc_column_text][vc_row_inner as_padding_top=&#8221;theme-padding-top-3&#8243; padding_top=&#8221;theme-padding-top-3&#8243;][vc_column_inner width=&#8221;1\/2&#8243;]\n            <div class=\"theme-component-feature theme-component-feature-icon-position-top-left theme-margin-bottom-0\">\n                <span class=\"theme-icon-feature-water-drop\"><\/span>\n                <h5>DEN B\u00c4STA BILTV\u00c4TTEN<\/h5><div><ul class=\"theme-component-list\">\n<li>Vi erbjuder flera tj\u00e4nster till ett bra pris<\/li>\n<li>Biologiskt nedbrytbara och milj\u00f6v\u00e4nliga produkter<\/li>\n<li>Betala f\u00f6r din tv\u00e4tt elektroniskt och s\u00e4kert<\/li>\n<li>Utbildade och skickliga biltv\u00e4ttspersonal<\/li>\n<\/ul>\n<\/div>\n            <\/div>\n        [\/vc_column_inner][vc_column_inner width=&#8221;1\/2&#8243;]\n            <div class=\"theme-component-feature theme-component-feature-icon-position-top-left theme-margin-bottom-0\">\n                <span class=\"theme-icon-feature-user-chat\"><\/span>\n                <h5>Kontakta oss<\/h5><div><ul class=\"theme-component-list\">\n<li>V\u00e5r e-post kontrolleras varje timme under dagen<\/li>\n<li>Boka tid online under 3 minuter<\/li>\n<li>V\u00e5rt verktygs fria nummer kommer att besvaras<\/li>\n<li>Du kan betala online f\u00f6r din tid<\/li>\n<\/ul>\n<\/div>\n            <\/div>\n        [\/vc_column_inner][\/vc_row_inner][\/vc_column][\/vc_row][vc_row full_width=&#8221;stretch_row&#8221; disable_element=&#8221;yes&#8221; as_padding_top=&#8221;theme-padding-top-5&#8243; padding_top=&#8221;theme-padding-top-5&#8243; css=&#8221;.vc_custom_1646658232955{background-color: #f5f5f5 !important;}&#8221;][vc_column as_margin_bottom=&#8221;theme-margin-bottom-5&#8243;]\n            <div class=\"theme-component-call-to-action\">\n                <h3 class=\"theme-component-call-to-action-header\">Biltv\u00e4tt bokningssystem<\/h3>\n                \r\n            <div class=\"theme-component-button left theme-component-call-to-action-button\">\r\n                <a href=\"https:\/\/akzirsson.se\/booking\/\" target=\"_self\"  class=\"theme-button theme-button-1\">\r\n                    Boka tid\r\n                <\/a>\r\n            <\/div>\r\n        \n            <\/div>\n        [\/vc_column][\/vc_row][vc_row full_width=&#8221;stretch_row&#8221; as_padding_bottom=&#8221;theme-padding-bottom-3&#8243; padding_bottom=&#8221;theme-padding-bottom-3&#8243; el_class=&#8221;theme-background-attachment-fixed&#8221; css=&#8221;.vc_custom_1496131135871{background-image: url(https:\/\/akzirsson.se\/wp-content\/uploads\/2017\/04\/5.jpg?id=231) !important;}&#8221;][vc_column]\n            <div class=\"theme-component-header-subheader aligncenter theme-section-white\">\n                <h2 class=\"theme-component-header-subheader-header theme-header-underline\">V\u00e5r process<\/h2>\n                <div class=\"theme-component-header-subheader-subheader\">Vi vet att din tid \u00e4r v\u00e4rdefull<\/div>\n            <\/div>\n        \n            <div class=\"theme-component-process-list theme-clear-fix theme-section-white\" data-responsive-mode=\"1\">\n                <ul class=\"theme-clear-fix\">\n                    \r\n            <li>\r\n                <div>\r\n                    <span class=\"theme-icon-feature-check\"><\/span>\r\n                    <h5>1. BOKNING<\/h5>\r\n                    <span class=\"theme-icon-meta-arrow-large-rl\"><\/span>\r\n                <\/div>\r\n            <\/li>\r\n        \r\n            <li>\r\n                <div>\r\n                    <span class=\"theme-icon-feature-car-check\"><\/span>\r\n                    <h5>2. Besiktning<\/h5>\r\n                    <span class=\"theme-icon-meta-arrow-large-rl\"><\/span>\r\n                <\/div>\r\n            <\/li>\r\n        \r\n            <li>\r\n                <div>\r\n                    <span class=\"theme-icon-feature-payment\"><\/span>\r\n                    <h5>3. V\u00e4rdering<\/h5>\r\n                    <span class=\"theme-icon-meta-arrow-large-rl\"><\/span>\r\n                <\/div>\r\n            <\/li>\r\n        \r\n            <li>\r\n                <div>\r\n                    <span class=\"theme-icon-feature-vacuum-cleaner\"><\/span>\r\n                    <h5>4. Slutf\u00f6rande<\/h5>\r\n                    <span class=\"theme-icon-meta-arrow-large-rl\"><\/span>\r\n                <\/div>\r\n            <\/li>\r\n        \n                <\/ul>\n            <\/div>\n        [\/vc_column][\/vc_row][vc_row padding_bottom=&#8221;theme-padding-bottom-4&#8243;][vc_column margin_bottom=&#8221;theme-margin-bottom-5&#8243;]\n            <div class=\"theme-component-header-subheader aligncenter\">\n                <h2 class=\"theme-component-header-subheader-header theme-header-underline\">Vilken tv\u00e4tt \u00e4r b\u00e4st f\u00f6r ditt fordon?<\/h2>\n                \n            <\/div>\n        [\/vc_column][\/vc_row][vc_row full_width=&#8221;stretch_row_content&#8221; equal_height=&#8221;yes&#8221; as_padding_top=&#8221;theme-padding-top-5&#8243; as_column_width_type=&#8221;1&#8243; padding_top=&#8221;theme-padding-top-5&#8243; css=&#8221;.vc_custom_1496147473671{background-color: #f5f5f5 !important;}&#8221;][vc_column width=&#8221;1\/2&#8243; as_margin_bottom=&#8221;theme-margin-bottom-5&#8243; css=&#8221;.vc_custom_1496141387696{background-image: url(https:\/\/akzirsson.se\/wp-content\/uploads\/2017\/04\/1.jpg?id=141) !important;background-position: center !important;background-repeat: no-repeat !important;background-size: cover !important;}&#8221;][\/vc_column][vc_column width=&#8221;1\/2&#8243; as_margin_bottom=&#8221;theme-margin-bottom-5&#8243; as_padding_inner=&#8221;theme-padding-1&#8243; css=&#8221;.vc_custom_1496147152147{margin-bottom: -60px !important;}&#8221;][vc_row_inner as_padding_top=&#8221;theme-padding-top-5&#8243; padding_top=&#8221;theme-padding-top-5&#8243;][vc_column_inner width=&#8221;1\/2&#8243;]\n            <div class=\"theme-component-feature theme-component-feature-icon-position-top-left\">\n                <span class=\"theme-icon-feature-location-map\"><\/span>\n                <h5>Bekv\u00e4mlighet<\/h5><div><p>Vi \u00e4r dedikerade till att tillhandah\u00e5lla kvalitets service, kund n\u00f6jdhet till ett stort v\u00e4rde p\u00e5 flera platser och erbjuder bekv\u00e4ma \u00f6ppettider.<\/p>\n<\/div>\n            <\/div>\n        [\/vc_column_inner][vc_column_inner width=&#8221;1\/2&#8243;]\n            <div class=\"theme-component-feature theme-component-feature-icon-position-top-left\">\n                <span class=\"theme-icon-feature-eco-car\"><\/span>\n                <h5>H\u00f6gkvalitativa Produkter<\/h5><div><p>V\u00e5ra produkter \u00e4r milj\u00f6v\u00e4nliga och interi\u00f6rprodukter h\u00f6gkvalitativa och absolut noll avfall.<\/p>\n<\/div>\n            <\/div>\n        [\/vc_column_inner][\/vc_row_inner][vc_row_inner as_padding_top=&#8221;theme-padding-top-5&#8243; padding_top=&#8221;theme-padding-top-5&#8243;][vc_column_inner width=&#8221;1\/2&#8243; margin_bottom=&#8221;theme-margin-bottom-5&#8243;]\n            <div class=\"theme-component-feature theme-component-feature-icon-position-top-left\">\n                <span class=\"theme-icon-feature-team\"><\/span>\n                <h5>Erfaret team<\/h5><div><p>V\u00e5ra bes\u00e4ttningsmedlemmar \u00e4r alla utbildade och skickliga och fullt utrustade med utrustning och f\u00f6rn\u00f6denheter som beh\u00f6vs f\u00f6r att vi ska kunna leverera b\u00e4sta resultat.<\/p>\n<\/div>\n            <\/div>\n        [\/vc_column_inner][vc_column_inner width=&#8221;1\/2&#8243; margin_bottom=&#8221;theme-margin-bottom-5&#8243;]\n            <div class=\"theme-component-feature theme-component-feature-icon-position-top-left\">\n                <span class=\"theme-icon-feature-spray-bottle\"><\/span>\n                <h5>Stort v\u00e4rde<\/h5><div><p>Vi erbjuder flera tj\u00e4nster till ett stort v\u00e4rde f\u00f6r att m\u00f6ta dina behov. Vi erbjuder en premiumtj\u00e4nst samtidigt som du sparar tid och pengar.<\/p>\n<\/div>\n            <\/div>\n        [\/vc_column_inner][\/vc_row_inner][\/vc_column][\/vc_row][vc_row full_width=&#8221;stretch_row_content_no_spaces&#8221; equal_height=&#8221;yes&#8221; content_placement=&#8221;top&#8221; as_padding_top=&#8221;theme-padding-top-5&#8243; as_column_width_type=&#8221;1&#8243; padding_top=&#8221;theme-padding-top-5&#8243; css=&#8221;.vc_custom_1496147445683{background-color: #f5f5f5 !important;}&#8221;][vc_column width=&#8221;1\/2&#8243; as_margin_bottom=&#8221;theme-margin-bottom-5&#8243; as_padding_inner=&#8221;theme-padding-1&#8243;]\n            <div class=\"theme-component-header-subheader aligncenter\">\n                <h2 class=\"theme-component-header-subheader-header theme-header-underline\">Rekommendationer<\/h2>\n                <div class=\"theme-component-header-subheader-subheader\">V\u00e5ra kunder \u00e4lskar oss<\/div>\n            <\/div>\n        [vc_empty_space height=&#8221;30px&#8221;]\n            <div class=\"theme-component-testimonial-list\" data-carousel_auto_play_enable=\"1\" data-carousel_auto_timeout_duration=\"6000\" data-carousel_circular_enable=\"1\" data-carousel_infinite_enable=\"1\" data-carousel_scroll_pause_hover_enable=\"1\" data-carousel_direction=\"left\" data-carousel_scroll_fx=\"fade\" data-carousel_scroll_easing=\"swing\" data-carousel_scroll_duration=\"300\">\n                <ul>\n                    \n            <li>\n                <p>Jag fick precis ett lyxigt tv\u00e4ttpaket och interi\u00f6rschampo och blev imponerad av kvaliteten och detaljerna i tj\u00e4nsten. Jag kunde inte vara lyckligare och har rekommenderat v\u00e4nner och familjemedlemmar att titta f\u00f6rbi f\u00f6r b\u00e4sta handtv\u00e4tt i akzirsson biltv\u00e4tt.<\/p>\n                <div>\n                    <h6>Dotti Newman<\/h6><span>Audi Q5<\/span>\n                <\/div>\n            <\/li>\n        \n            <li>\n                <p>Jag tycker akzirsson \u00e4r den b\u00e4sta biltv\u00e4ttaren n\u00e5gonsin. \u00c4lskar priset, bekv\u00e4mligheten och kundservicen. N\u00e4r jag har tid och vill dammsuga sj\u00e4lv \u00e4r det enkelt och billigt. De tillhandah\u00e5ller handdukar och spray f\u00f6r att tv\u00e4tta f\u00f6nstren och jag tv\u00e4ttar mitt instrument. Tack s\u00e5 mycket.<\/p>\n                <div>\n                    <h6>David Magnus<\/h6><span>Nissan Titan X5<\/span>\n                <\/div>\n            <\/li>\n        \n            <li>\n                <p>\u00c4ntligen en biltv\u00e4tt som uppm\u00e4rksammar detaljerna. Jag har lite extra tid och pengar och jag l\u00e5ter dem g\u00f6ra alla detaljer och det har alltid blivit j\u00e4ttebra. Jag anv\u00e4nder dem hela tiden och nu med pollens\u00e4songen kommer de att se min bil \u00e4nnu oftare.<\/p>\n                <div>\n                    <h6>Josh Williams<\/h6><span>Toyota Avensis<\/span>\n                <\/div>\n            <\/li>\n        \n                <\/ul>\n                <div class=\"theme-component-testimonial-list-navigation\">\n\t\t\t\t\t<a href=\"#\" class=\"theme-component-testimonial-list-navigation-left theme-icon-meta-arrow-large-rl\"><\/a>\n\t\t\t\t\t<span class=\"theme-component-testimonial-list-navigation-center theme-icon-feature-testimonials\"><\/span>\n\t\t\t\t\t<a href=\"#\" class=\"theme-component-testimonial-list-navigation-right theme-icon-meta-arrow-large-rl\"><\/a>\n\t\t\t\t<\/div>\n            <\/div>\n        [\/vc_column][vc_column width=&#8221;1\/2&#8243; as_margin_bottom=&#8221;theme-margin-bottom-5&#8243; as_padding_inner=&#8221;theme-padding-1&#8243; css=&#8221;.vc_custom_1496147464468{background-image: url(https:\/\/akzirsson.se\/wp-content\/uploads\/2017\/04\/2.jpg?id=244) !important;background-position: center !important;background-repeat: no-repeat !important;background-size: cover !important;}&#8221;]\n            <div class=\"theme-component-header-subheader aligncenter theme-section-white\">\n                <h2 class=\"theme-component-header-subheader-header theme-header-underline\">Senaste nyheterna<\/h2>\n                <div class=\"theme-component-header-subheader-subheader\">V\u00e5rt m\u00e5l \u00e4r att ge v\u00e5ra kunder den v\u00e4nligaste och mest bekv\u00e4ma handtv\u00e4ttupplevelsen som m\u00f6jligt. Vi anv\u00e4nder de mest moderna och uppdaterade vatten\u00e5tervinningsmodulerna som en del av v\u00e5ra biltv\u00e4tt system. V\u00e5ra produkter \u00e4r milj\u00f6v\u00e4nliga.<\/div>\n            <\/div>\n        [\/vc_column][\/vc_row][vc_row as_padding_bottom=&#8221;theme-padding-bottom-3&#8243; padding_bottom=&#8221;theme-padding-bottom-3&#8243; el_class=&#8221;theme-section-space-top-1 theme-section-space-bottom-2&#8243;][vc_column width=&#8221;1\/3&#8243;]\n            <div class=\"theme-component-feature theme-component-feature-icon-position-left-top\">\n                <span class=\"theme-icon-feature-phone-circle\"><\/span>\n                <h5>Ring oss p\u00e5<\/h5><div><p>Tel:\u00a0\u00a0<strong>\u00a0<a href=\"tel:086005015\">08-6005015<\/a><\/strong><br \/>\nMobil:\u00a0<a href=\"tel:+46707775354\">(+46) 707775354<\/a><br \/>\nMail:\u00a0<a href=\"mailto:info@akzirsson.se\">info@akzirsson.se<\/a><\/p>\n<\/div>\n            <\/div>\n        [\/vc_column][vc_column width=&#8221;1\/3&#8243;]\n            <div class=\"theme-component-feature theme-component-feature-icon-position-left-top\">\n                <span class=\"theme-icon-feature-location-map\"><\/span>\n                <h5>V\u00e5r adress<\/h5><div><p>Akzirsson Service AB<br \/>\nF\u00f6rr\u00e5dsv\u00e4gen 3<br \/>\n151 48 S\u00f6dert\u00e4lje<\/p>\n<\/div>\n            <\/div>\n        [\/vc_column][vc_column width=&#8221;1\/3&#8243;]\n            <div class=\"theme-component-feature theme-component-feature-icon-position-left-top\">\n                <span class=\"theme-icon-feature-clock\"><\/span>\n                <h5>Arbetstider<\/h5><div><p>Vardagar: 09:00-18:00<br \/>\nL\u00f6rdag: 10:00-16:00<br \/>\nS\u00f6ndag: St\u00e4ngt<\/p>\n<\/div>\n            <\/div>\n        [\/vc_column][\/vc_row]<\/p>\n","protected":false},"excerpt":{"rendered":"<p>[vc_row][vc_column width=&#8221;1\/2&#8243; as_margin_bottom=&#8221;theme-margin-bottom-5&#8243; margin_bottom=&#8221;theme-margin-bottom-5&#8243;][vc_video link=&#8221;https:\/\/youtu.be\/tFrxZLOIdcc&#8221;][\/vc_column][vc_column width=&#8221;1\/2&#8243;][vc_video link=&#8221;https:\/\/youtu.be\/ZeXbE-BurMg&#8221;][\/vc_column][\/vc_row][vc_row][vc_column as_margin_bottom=&#8221;theme-margin-bottom-5&#8243; margin_bottom=&#8221;theme-margin-bottom-5&#8243;][\/vc_column][\/vc_row][vc_row as_padding_top=&#8221;theme-padding-top-5&#8243; as_padding_bottom=&#8221;theme-padding-bottom-4&#8243; padding_top=&#8221;theme-padding-top-5&#8243;][vc_column width=&#8221;1\/3&#8243;][vc_single_image image=&#8221;230&#8243; img_size=&#8221;full&#8221;][\/vc_column][vc_column width=&#8221;2\/3&#8243;][vc_column_text]Akzirsson handtv\u00e4tt och detaljservice med s\u00e4te i Stockholm &#8211; S\u00f6dert\u00e4lje. V\u00e5rt f\u00f6retag grundades redan 2020 av ett team av experter med mer \u00e4n 10 \u00e5rs erfarenhet av professionell biltv\u00e4tt. Vi driver tre biltv\u00e4ttar genom S\u00f6dert\u00e4ljeomr\u00e5det. V\u00e5rt m\u00e5l \u00e4r att ge&hellip;<\/p>\n","protected":false},"author":1,"featured_media":0,"parent":0,"menu_order":0,"comment_status":"closed","ping_status":"closed","template":"page.php","meta":{"footnotes":""},"class_list":["post-1071","page","type-page","status-publish","hentry"],"_links":{"self":[{"href":"https:\/\/akzirsson.se\/index.php?rest_route=\/wp\/v2\/pages\/1071","targetHints":{"allow":["GET"]}}],"collection":[{"href":"https:\/\/akzirsson.se\/index.php?rest_route=\/wp\/v2\/pages"}],"about":[{"href":"https:\/\/akzirsson.se\/index.php?rest_route=\/wp\/v2\/types\/page"}],"author":[{"embeddable":true,"href":"https:\/\/akzirsson.se\/index.php?rest_route=\/wp\/v2\/users\/1"}],"replies":[{"embeddable":true,"href":"https:\/\/akzirsson.se\/index.php?rest_route=%2Fwp%2Fv2%2Fcomments&post=1071"}],"version-history":[{"count":40,"href":"https:\/\/akzirsson.se\/index.php?rest_route=\/wp\/v2\/pages\/1071\/revisions"}],"predecessor-version":[{"id":2683,"href":"https:\/\/akzirsson.se\/index.php?rest_route=\/wp\/v2\/pages\/1071\/revisions\/2683"}],"wp:attachment":[{"href":"https:\/\/akzirsson.se\/index.php?rest_route=%2Fwp%2Fv2%2Fmedia&parent=1071"}],"curies":[{"name":"wp","href":"https:\/\/api.w.org\/{rel}","templated":true}]}}